5076 is divided by 474945.
131
Calculate the remainder when 4631071 is divided by 503.
453
What is the remainder when 726097 is divided by 242018?
43
What is the remainder when 454098 is divided by 150508?
2574
What is the remainder when 22620698 is divided by 100?
98
What is the remainder when 9555666 is divided by 23949?
15
Calculate the remainder when 5049458 is divided by 323.
322
What is the remainder when 25953 is divided by 5178?
63
What is the remainder when 2059818 is divided by 76289?
15
What is the remainder when 12051929 is divided by 1404?
1397
Calculate the remainder when 199176238 is divided by 10.
8
Calculate the remainder when 202762 is divided by 19.
13
What is the remainder when 76677938 is divided by 726?
722
Calculate the remainder when 53629 is divided by 250.
129
What is the remainder when 201340953 is divided by 20016?
9
Calculate the remainder when 935005 is divided by 1227.
31
What is the remainder when 1229554 is divided by 614777?
0
Calculate the remainder when 9460086 is divided by 563.
560
Calculate the remainder when 10014217 is divided by 213068.
21
What is the remainder when 129456 is divided by 14307?
693
What is the remainder when 17321860 is divided by 4821?
7
Calculate the remainder when 31470387 is divided by 10032.
3
Calculate the remainder when 21834322 is divided by 7278042.
196
Calculate the remainder when 519772 is divided by 21500.
3772
What is the remainder when 151767 is divided by 13647?
1650
Calculate the remainder when 6573029 is divided by 6573006.
23
What is the remainder when 176348 is divided by 29260?
788
Calculate the remainder when 249480596 is divided by 2867593.
5
Calculate the remainder when 614097 is divided by 8412.
21
What is the remainder when 4636167 is divided by 17?
12
Calculate the remainder when 3055212 is divided by 34.
6
Calculate the remainder when 180437123 is divided by 21.
20
Calculate the remainder when 1736914 is divided by 867586.
1742
Calculate the remainder when 90963 is divided by 479.
432
Calculate the remainder when 730172 is divided by 365027.
118
What is the remainder when 14613659 is divided by 1384?
3
What is the remainder when 171434 is divided by 2028?
1082
Calculate the remainder when 59732169 is divided by 733.
732
What is the remainder when 1184509 is divided by 56?
53
Calculate the remainder when 3653593 is divided by 37.
28
What is the remainder when 32747324 is divided by 16373661?
2
Calculate the remainder when 179017027 is divided by 804.
799
Calculate the remainder when 675630 is divided by 112588.
102
What is the remainder when 395714 is divided by 1552?
1506
Calculate the remainder when 27766017 is divided by 37.
33
What is the remainder when 33787174 is divided by 1416?
1414
Calculate the remainder when 190944 is divided by 1481.
1376
What is the remainder when 22876961 is divided by 113?
111
What is the remainder when 1256590818 is divided by 9427?
9426
What is the remainder when 23515613 is divided by 293?
19
Calculate the remainder when 1655141 is divided by 336.
5
What is the remainder when 130315380 is divided by 4?
0
What is the remainder when 527322 is divided by 4928?
26
Calculate the remainder when 755357 is divided by 2848.
637
Calculate the remainder when 1700974 is divided by 500.
474
What is the remainder when 17803832 is divided by 33?
2
Calculate the remainder when 37193283 is divided by 59.
37
What is the remainder when 42863 is divided by 443?
335
Calculate the remainder when 54300 is divided by 305.
10
Calculate the remainder when 2851473 is divided by 103.
21
Calculate the remainder when 14078 is divided by 430.
318
Calculate the remainder when 753334 is divided by 150665.
9
Calculate the remainder when 644614 is divided by 1259.
6
What is the remainder when 6359088 is divided by 3179541?
6
What is the remainder when 7434 is divided by 1980?
1494
Calculate the remainder when 399818 is divided by 1612.
42
Calculate the remainder when 484760 is divided by 242368.
24
What is the remainder when 10452 is divided by 3477?
21
Calculate the remainder when 758805 is divided by 36132.
33
Calculate the remainder when 1221503 is divided by 231.
206
What is the remainder when 621954 is divided by 77744?
2
What is the remainder when 121052537 is divided by 20?
17
Calculate the remainder when 163979 is divided by 27309.
125
What is the remainder when 399990 is divided by 6365?
5360
What is the remainder when 3984263 is divided by 285?
248
Calculate the remainder when 3574023 is divided by 87.
63
What is the remainder when 1534102 is divided by 1716?
1714
Calculate the remainder when 277350981 is divided by 1004.
1001
What is the remainder when 1973981 is divided by 448?
93
Calculate the remainder when 25425427 is divided by 36.
31
What is the remainder when 13186815 is divided by 1648351?
7
Calculate the remainder when 29250 is divided by 826.
340
Calculate the remainder when 10211173 is divided by 233.
181
Calculate the remainder when 143694 is divided by 2574.
2124
Calculate the remainder when 113254 is divided by 37738.
40
Calculate the remainder when 507850 is divided by 507479.
371
Calculate the remainder when 1869634 is divided by 7191.
7165
What is the remainder when 74688 is divided by 37282?
124
Calculate the remainder when 3259596 is divided by 199.
175
Calculate the remainder when 51257 is divided by 7292.
213
Calculate the remainder when 4317332 is divided by 1255.
132
Calculate the remainder when 10532915 is divided by 11.
8
Calculate the remainder when 12529738 is divided by 49.
46
Calculate the remainder when 20253090 is divided by 1691.
1674
What is the remainder when 216107 is divided by 42947?
1372
Calculate the remainder when 1262495 is divided by 2566.
23
Calculate the remainder when 73523794 is divided by 69.
16
What is the remainder when 7856154 is divided by 3895?
3834
Calculate the remainder when 1617716 is divided by 552.
356
What is the remainder when 1036957925 is divided by 998?
995
What is the remainder when 7333487 is divided by 29?
25
What is the remainder when 61193 is divided by 14810?
1953
What is the remainder when 845470 is divided by 520?
470
What is the remainder when 83917443 is divided by 33?
27
What is the remainder when 322970 is divided by 1623?
1616
What is the remainder when 12732857 is divided by 687?
686
Calculate the remainder when 34762291 is divided by 6268.
6231
What is the remainder when 86168144 is divided by 37628?
24
What is the remainder when 1625505 is divided by 1625386?
119
Calculate the remainder when 5242254 is divided by 2096.
158
What is the remainder when 35253089 is divided by 59?
58
Calculate the remainder when 5125122 is divided by 578.
574
Calculate the remainder when 62465 is divided by 1692.
1553
What is the remainder when 6162684 is divided by 38277?
87
What is the remainder when 26051373 is divided by 1447297?
27
What is the remainder when 548831 is divided by 14442?
35
What is the remainder when 14687370 is divided by 8004?
30
What is the remainder when 17846 is divided by 8864?
118
What is the remainder when 9224468 is divided by 2346?
2342
What is the remainder when 814927 is divided by 271606?
109
Calculate the remainder when 108348603 is divided by 169.
168
Calculate the remainder when 13739390 is divided by 602.
546
Calculate the remainder when 348749 is divided by 12436.
541
What is the remainder when 16276 is divided by 4744?
2044
Calculate the remainder when 847430 is divided by 169345.
705
Calculate the remainder when 4428974 is divided by 11.
0
Calculate the remainder when 6227 is divided by 422.
319
What is the remainder when 7213224 is divided by 1043?
879
Calculate the remainder when 196492 is divided by 145.
17
Calculate the remainder when 3004447 is divided by 20.
7
What is the remainder when 16265474 is divided by 12848?
12754
What is the remainder when 10865389 is divided by 969?
961
Calculate the remainder when 395115544 is divided by 59.
37
Calculate the remainder when 953817 is divided by 508.
301
What is the remainder when 660999046 is divided by 50?
46
What is the remainder when 1602611 is divided by 1602589?
22
Calculate the remainder when 2287496 is divided by 17460.
236
What is the remainder when 10559887 is divided by 1397?
1361
Calculate 